- 4*t + 7. Let x be n(-5). Let v = x - 4. Let d = 7 + v. What are the prime factors of d?
5
Let v = -10 + 15. Suppose 3*u - 3 = 0, 3*u - 81 = -4*p + 2*u. Let a = p - v. What are the prime factors of a?
3, 5
Let s(z) = 2*z**3 + 2*z**2 - 6*z + 6. What are the prime factors of s(3)?
2, 3, 5
List the prime factors of 1/(3/(-9)) - (4 + -313).
2, 3, 17
Let m be (-2 - (-20)/12)*6*-1. Let l be (-1)/(-4) - 2/8. Let s = l + m. List the prime factors of s.
2
Let f = 110 - 233. What are the prime factors of (f/6)/(2/(-4))?
41
Let b(r) = r + 9. Let g(d) = -d - 1. Let x(m) = b(m) + 4*g(m). List the prime factors of x(-7).
2, 13
Let m(a) = 38*a**2 + 3*a - 4. List the prime factors of m(2).
2, 7, 11
Let d(o) = 3*o**3 - 3*o**2 - 2. What are the prime factors of d(3)?
2, 13
Let x(d) = d**3 - d**2 - d + 2. Let v be x(2). Suppose -v*m + 18 = -m. Suppose 0 = m*t - 7*t + 16. What are the prime factors of t?
2
Suppose 4*b = 2*b. Suppose 4*c + c + 10 = 2*i, b = i - 5*c. List the prime factors of i.
2, 5
Suppose -19 - 1 = -5*h. Let k(m) = m**3 - m**2 - 2*m. Let z be k(3). Let x = z - h. List the prime factors of x.
2
Let t(z) = z**3 - 5*z**2 + 5*z - 6. List the prime factors of t(7).
127
Let j(u) = 3*u**2 + 11*u + 30. What are the prime factors of j(-6)?
2, 3
List the prime factors of -3 + (-22)/(-6) + 356/6.
2, 3, 5
Suppose 16 = -2*v + 6*v. Suppose -4*w + 6 = 2*h, 4*w - 12 = -v*h + 3*w. What are the prime factors of h?
3
List the prime factors of 58/3 + 14/21.
2, 5
Suppose 0 = n + 2, 4*p - 2*n - 3*n - 62 = 0. Let b = p - 8. What are the prime factors of (2 + b)*(-6)/(-21)?
2
Let d = 8 + 6. What are the prime factors of d?
2, 7
Let p be (6/(-4))/(21/(-56)). Let x be (-38)/(-9) + 2/(-9). Suppose -3*o + 11 + 17 = -p*h, 0 = o + x*h + 12. List the prime factors of o.
2
Let s(f) = 6 + 0*f**2 + 10*f - 4*f - f**2. What are the prime factors of s(5)?
11
Let z be (-85 - -1)/(-2) - 3. Let j be -2*(-2)/(8/(-50)). Let k = j + z. List the prime factors of k.
2, 7
Let v = 62 - -83. What are the prime factors of v?
5, 29
Let i(g) = g**2 + 4*g + 4. Let n be i(-4). Suppose 0 = 4*o + n*f - 52, 0*f = -4*f - 12. What are the prime factors of o?
2
Let q be ((-2)/(-6))/((-3)/(-9)). Suppose -5*f + 0*f + 10 = 0. Let c = q + f. List the prime factors of c.
3
Suppose 2*r = -3*i - 9, 0*i = -3*r + 3*i - 36. Let s = 5 - r. What are the prime factors of s?
2, 7
Suppose 2*c + 4 = -2*o, -3*c - 8 = -2*o + 4*o. Let b(n) = 2*n**2 + 5*n + 2. Let i be b(c). Let k = 24 - i. What are the prime factors of k?
2, 5
Suppose 0 = i - 2*t - 10, 3*i = -i - 2*t + 90. Suppose -2*c - 2*c = -i. What are the prime factors of c?
5
Let z(x) = 3*x**3 + x + 0 - 1 + 3*x**2 - 6*x**2. What are the prime factors of z(2)?
13
Let c(k) be the second derivative of -k**4/12 - 5*k**3/3 + 4*k**2 - 2*k. List the prime factors of c(-8).
2, 3
Let i(s) be the third derivative of s**6/30 + s**5/30 - s**3/6 - 4*s**2. Suppose 0 = -0*r + 5*r - 5. List the prime factors of i(r).
5
Let w be 1/(1 - 2) - -1. Let z(m) be the first derivative of m**3/3 + 4*m - 1. What are the prime factors of z(w)?
2
Suppose 0*j = -j. Suppose 4*p = -j*p + 44. List the prime factors of p.
11
Let u be ((-1)/(-2))/(5/90). Suppose 3*w - 51 = u. What are the prime factors of w?
2, 5
Let d(y) = y + 2. Let i be d(0). Suppose -v - 28 = -i*x + 4*v, v + 38 = 4*x. List the prime factors of x.
3
Suppose -5*d + 177 = 4*l, -36 - 106 = -4*l + 2*d. Suppose m + m - l = 0. List the prime factors of m.
19
Let l = -4 + 9. Suppose l*q - 65 = -0*q. What are the prime factors of q?
13
Let d = -28 + 47. What are the prime factors of d?
19
Suppose -5*q = -28 + 3. Suppose -17 = -4*x - q*s + 16, x + 4*s = 22. Suppose x*y + 90 = 7*y. What are the prime factors of y?
2, 3
Let u(w) be the third derivative of -w**4/24 - w**3/2 - 2*w**2. Let f be u(0). What are the prime factors of (-1)/f + (-11)/(-3)?
2
Let x = -5 + 23. Suppose b - 47 = -4*b + 3*w, -w = -2*b + x. What are the prime factors of b?
7
Let f = 614 - 357. List the prime factors of f.
257
Suppose 5*v + 4 = 14. Suppose 5*y - 21 = v*h - 65, -10 = 2*y + 3*h. Let l(d) = -d - 2. List the prime factors of l(y).
2, 3
Let d be (-135)/(-2)*(-4)/(-6). What are the prime factors of (30/d)/((-4)/(-258))?
43
Let y(r) = -r**2 + 8*r - 9. Let x(c) = -6*c. Let w be x(-1). Suppose -2*f + 12 + w = -3*l, 4*l = 5*f - 38. What are the prime factors of y(f)?
3
Let x be (-2*3)/(3 + -5). Let z(j) = 4*j**2 - 2*j + 4. What are the prime factors of z(x)?
2, 17
Suppose 516 = 24*x - 20*x. List the prime factors of x.
3, 43
Suppose -5*k - 7*h = -2*h + 30, 0 = 3*k + 5*h + 22. Let q = -4 - k. Suppose -5*w + 0*w + 95 = q. List the prime factors of w.
19
Suppose -4*v + 52 = 4. Suppose -2*l = -h + 4, 0*h - 3*h + v = -3*l. What are the prime factors of h/2*(-9)/(-2)?
3
Suppose 35 = j + 1. What are the prime factors of j?
2, 17
Let c = -6 - -156. List the prime factors of c.
2, 3, 5
What are the prime factors of 9/(-12)*956/(-3)?
239
Suppose 3*a = 2*a + 4. Suppose -v = -d - a*d - 41, 4*v - 3*d = 79. List the prime factors of v.
2
List the prime factors of 1630/70 + 4/(-14).
23
Suppose 8*i - 14*i = -126. List the prime factors of i.
3, 7
Let t(m) = -2*m - 7. Let k be t(-5). Let h(b) = 2*b**3 - 3*b**2 - 3*b - 1. List the prime factors of h(k).
17
Suppose -t + 4*z - 9 = 0, 3*z - 9 = 3*t - 0*t. Let l be -2 - (t - (6 - 3)). What are the prime factors of 16/(l - (3 + -3))?
2
List the prime factors of 18/4*(-70)/(-15).
3, 7
Let p be -2*(-3)/2 + -8. List the prime factors of 8/(-20) + (-97)/p.
19
Suppose -a - 7 = -0*a. Let k = a + -4. Let l = 0 - k. What are the prime factors of l?
11
Let n(g) = g + 6. Let k(a) = 2*a - 7. Let h be k(5). Suppose 10 = 2*p + 4*v, h*v - v + 4 = -4*p. What are the prime factors of n(p)?
3
Let j(h) = 12*h - 13. Let z(a) = 3*a - 3. Let l(r) = -4*j(r) + 18*z(r). Let n be l(5). What are the prime factors of n/(-10)*5/(-2)?
7
Let m = -3 + 5. Suppose -m*r + 5*y = 19 - 43, 10 = -r - 3*y. List the prime factors of r.
2
Let b(y) = -y**3 + 11*y**2 - y + 6. Let o be b(11). Let l(v) = -v + 11. List the prime factors of l(o).
2
List the prime factors of 615/10 - (-2)/(-4).
61
Let k(l) = 6*l. Let n be k(1). Suppose 5*g = -2*h + 25, 5*h - n - 4 = 5*g. List the prime factors of g.
3
Let s = 18 + -9. List the prime factors of s.
3
Let s be -12*(0 - 2/(-4)). Suppose 15 + 5 = -2*v. Let k = s - v. List the prime factors of k.
2
Let k(g) be the third derivative of g**5/60 + g**4/4 + 7*g**3/6 + g**2. Let r be (-45)/(-6)*(-8)/12. List the prime factors of k(r).
2
Let b(f) = 2*f**2 + f - 2. Suppose 2*g = 3*g + 1. Let t be g + -2 - (-36)/6. What are the prime factors of b(t)?
19
Let w = -9 - -9. Suppose 2*l - 122 = -5*p, -4*p + w*l + 97 = l. What are the prime factors of p?
2, 3
Let t(v) = -v**2 + v - 4. Let m be t(7). What are the prime factors of (m/1)/(12/(-6))?
23
What are the prime factors of (-5 + 1463/21)*(-6)/(-4)?
97
Suppose -4*y + 5*i = -19, -6*y + 5*i = -y - 20. Let v(d) = 15*d + 1. What are the prime factors of v(y)?
2
Let d(x) = -x**3 + 2. Let z be d(-2). Suppose 5*u = -2*f + u + 18, 5*u - z = 0. Suppose 0 = f*i - 4*i - 5. What are the prime factors of i?
5
Let q be (0/(6/2))/2. Let p = q - -2. Suppose 3*m + 26 + 29 = 5*l, 0 = -p*m. What are the prime factors of l?
11
Suppose -6*w + 3*w + 12 = 0. Let b be (-32)/20 + w/(-10). List the prime factors of (2 - b)/2 - -8.
2, 5
Suppose -a - 6 = 27. Let l = -24 - a. What are the prime factors of l?
3
List the prime factors of ((-632)/(-6))/(8/24).
2, 79
Let i = 8 - 7. Let j = i + 4. What are the prime factors of j?
5
Suppose 0 = -2*i - 5*v - 25, 9*v = -4*i + 4*v - 35. Let g(j) = -j**3 - 5*j**2 - 5*j - 7. What are the prime factors of g(i)?
2, 3
Suppose -2*v + 5*v = 45. Suppose -o - 4*o + v = 0. List the prime factors of o.
3
Let m = -7 - -32. List the prime factors of m.
5
Let w be (4/10)/(2/20). Suppose -n - 9 = -2*j - 6*n, 0 = 2*j - w*n. What are the prime factors of j?
2
Suppose 838 + 262 = 5*z. List the prime factors of z.
2, 5, 11
Suppose 0 = 3*p - p - 34. What are the prime factors of p?
17
What are the prime factors of (-9)/(-3) - 3/(12/(-56))?
17
Let q be (1 + -2)/1 - -5. Let x be 10/6 - q/(-12). What are the prime factors of 4/x + 4 + 1?
7
Let r(m) = 2*m**2 - 9*m + 4. Let d be r(10). Suppose -b + s - 8 = -3